onvert -10 (base 2) to base 14.
-2
-301 (base 4) to base 5
-144
What is -7f (base 16) in base 11?
-106
-2 (base 16) to base 15
-2
What is -75 (base 11) in base 14?
-5c
426 (base 7) to base 4
3120
Convert -2 (base 13) to base 4.
-2
What is -1122 (base 3) in base 9?
-48
What is -2a (base 12) in base 13?
-28
Convert -53 (base 15) to base 10.
-78
-27 (base 9) to base 10
-25
5 (base 11) to base 13
5
What is -2a (base 11) in base 7?
-44
Convert 14 (base 6) to base 3.
101
-10111 (base 2) to base 9
-25
16 (base 7) to base 4
31
What is -4 (base 16) in base 9?
-4
-7 (base 11) to base 7
-10
What is 1 (base 3) in base 6?
1
What is 8 (base 12) in base 16?
8
What is 10010 (base 2) in base 15?
13
What is -62 (base 9) in base 15?
-3b
Convert 0 (base 10) to base 16.
0
42 (base 5) to base 16
16
What is -36 (base 10) in base 4?
-210
What is 163 (base 8) in base 9?
137
-57 (base 9) to base 6
-124
Convert -1 (base 6) to base 12.
-1
Convert 16 (base 14) to base 16.
14
-123 (base 15) to base 12
-196
-4b (base 14) to base 8
-103
Convert -6b (base 13) to base 15.
-5e
10 (base 9) to base 3
100
Convert -1 (base 15) to base 8.
-1
What is 0 (base 11) in base 7?
0
What is 1 (base 6) in base 15?
1
-1 (base 9) to base 14
-1
What is -8 (base 16) in base 4?
-20
-20 (base 8) to base 13
-13
What is 1 (base 15) in base 10?
1
Convert 1 (base 8) to base 6.
1
-122 (base 3) to base 7
-23
102 (base 3) to base 7
14
Convert 201 (base 5) to base 3.
1220
Convert 55 (base 12) to base 9.
72
Convert 3 (base 15) to base 14.
3
Convert -10 (base 10) to base 3.
-101
What is -76 (base 8) in base 2?
-111110
6 (base 13) to base 8
6
What is -10 (base 4) in base 16?
-4
0 (base 9) to base 11
0
What is 4 (base 5) in base 2?
100
2 (base 11) to base 14
2
What is 1 (base 9) in base 8?
1
4 (base 5) to base 14
4
Convert 99 (base 11) to base 7.
213
13 (base 5) to base 14
8
-10 (base 13) to base 6
-21
What is 1 (base 2) in base 8?
1
What is -38 (base 12) in base 8?
-54
Convert 101 (base 4) to base 3.
122
What is -2003 (base 4) in base 12?
-ab
Convert a (base 13) to base 12.
a
Convert -1000001 (base 2) to base 4.
-1001
134 (base 5) to base 9
48
Convert 0 (base 4) to base 12.
0
What is -1 (base 3) in base 4?
-1
What is -146 (base 8) in base 15?
-6c
-39 (base 11) to base 13
-33
Convert 50 (base 9) to base 3.
1200
-10 (base 3) to base 7
-3
What is 0 (base 11) in base 2?
0
-61 (base 9) to base 4
-313
10 (base 2) to base 9
2
Convert 14 (base 5) to base 10.
9
Convert -a8 (base 11) to base 2.
-1110110
4 (base 8) to base 6
4
Convert -11 (base 16) to base 14.
-13
Convert -5 (base 12) to base 7.
-5
What is -112 (base 9) in base 7?
-161
Convert 2 (base 4) to base 13.
2
3 (base 8) to base 5
3
Convert -9 (base 14) to base 5.
-14
Convert -3 (base 4) to base 12.
-3
What is 18 (base 12) in base 2?
10100
What is -1 (base 12) in base 14?
-1
-2 (base 3) to base 6
-2
Convert 206 (base 10) to base 6.
542
Convert -15 (base 6) to base 9.
-12
Convert -200 (base 3) to base 8.
-22
-100010 (base 2) to base 15
-24
What is 11100 (base 4) in base 8?
520
What is -132 (base 8) in base 4?
-1122
2 (base 12) to base 9
2
551 (base 6) to base 11
182
Convert 61 (base 7) to base 3.
1121
8 (base 11) to base 9
8
Convert -18 (base 14) to base 13.
-19
Convert 3 (base 11) to base 8.
3
Convert -232 (base 8) to base 4.
-2122
What is 21 (base 9) in base 7?
25
What is 15 (base 11) in base 7?
22
What is 25 (base 11) in base 8?
33
What is -43 (base 5) in base 3?
-212
What is -11 (base 2) in base 13?
-3
What is -15 (base 16) in base 8?
-25
Convert -104 (base 10) to base 12.
-88
-a5 (base 11) to base 2
-1110011
What is 8 (base 14) in base 7?
11
Convert 30 (base 4) to base 9.
13
What is -1 (base 4) in base 11?
-1
-65 (base 8) to base 7
-104
-10 (base 2) to base 10
-2
Convert -102 (base 3) to base 2.
-1011
Convert -37 (base 16) to base 5.
-210
Convert -11000 (base 2) to base 13.
-1b
What is -3 (base 11) in base 15?
-3
Convert b (base 13) to base 8.
13
What is -1 (base 13) in base 3?
-1
What is 3 (base 11) in base 13?
3
What is 23 (base 7) in base 6?
25
1 (base 10) to base 11
1
-91 (base 11) to base 16
-64
Convert -9 (base 16) to base 13.
-9
Convert 38 (base 11) to base 14.
2d
-110010001 (base 2) to base 9
-485
11 (base 3) to base 7
4
What is -3 (base 8) in base 16?
-3
Convert 12 (base 3) to base 11.
5
15 (base 15) to base 3
202
Convert 1 (base 2) to base 10.
1
What is 3a (base 16) in base 10?
58
Convert 1323 (base 5) to base 14.
113
What is -6 (base 13) in base 15?
-6
9 (base 12) to base 5
14
What is 10 (base 9) in base 11?
9
What is 70 (base 8) in base 6?
132
What is 10 (base 6) in base 13?
6
What is -11 (base 8) in base 15?
-9
What is -4 (base 7) in base 5?
-4
Convert -14 (base 16) to base 10.
-20
What is 1 (base 5) in base 15?
1
-2 (base 12) to base 14
-2
What is -2 (base 13) in base 16?
-2
-38 (base 14) to base 3
-1212
113 (base 6) to base 13
36
Convert -2 (base 14) to base 7.
-2
Convert 4 (base 16) to base 2.
100
Convert 2 (base 10) to base 9.
2
Convert 89 (base 13) to base 2.
1110001
-a (base 11) to base 12
-a
Convert 8 (base 13) to base 7.
11
What is 5 (base 16) in base 7?
5
-1010000 (base 2) to base 13
-62
What is -b4 (base 13) in base 5?
-1042
-11111 (base 2) to base 10
-31
Convert -2 (base 11) to base 15.
-2
-14 (base 11) to base 3
-120
Convert 4 (base 14) to base 3.
11
0 (base 14) to base 15
0
What is 1 (base 8) in base 5?
1
What is -123 (base 7) in base 6?
-150
Convert 6c (base 13) to base 12.
76
200 (base 3) to base 13
15
-1 (base 7) to base 2
-1
Convert 8 (base 12) to base 8.
10
Convert -45 (base 16) to base 15.
-49
326 (base 10) to base 5
2301
What is b4 (base 14) in base 16?
9e
What is 313 (base 7) in base 5?
1112
What is 11100 (base 2) in base 10?
28
-4 (base 6) to base 15
-4
Convert -1c8 (base 14) to base 15.
-19c
Convert 48 (base 16) to base 3.
2200
-9 (base 13) to base 15
-9
200 (base 12) to base 5
2123
-8 (base 16) to base 15
-8
11 (base 4) to base 2
101
What is -4d (base 16) in base 7?
-140
What is 1 (base 13) in base 11?
1
What is -1c (base 15) in base 7?
-36
What is -33 (base 5) in base 11?
-17
Convert -1 (base 11) to base 6.
-1
121 (base 4) to base 9
27
-260 (base 9) to base 11
-187
-3 (base 9) to base 2
-11
Convert -10 (base 6) to base 16.
-6
-11 (base 15) to base 13
-13
Convert 3 (base 6) to base 4.
3
Convert 1 (base 12) to base 9.
1
What is 2003 (base 4) in base 14?
95
What is 10000111 (base 2) in base 9?
160
What is 18 (base 14) in base 5?
42
126 (base 7) to base 8
105
0 (base 7) to base 10
0
Convert -10 (base 9) to base 4.
-21
What is 35 (base 9) in base 13?
26
11 (base 5) to base 8
6
46 (base 16) to base 9
77
What is 301 (base 5) in base 16?
4c
-3 (base 8) to base 12
-3
What is 1 (base 15) in base 11?
1
-1 (base 3) to base 2
-1
Convert -a (base 12) to base 14.
-a
Convert -214 (base 6) to base 9.
-101
-4 (base 5) to base 14
-4
76 (base 13) to base 5
342
What is -14 (base 9) in base 14?
-d
What is 16a (base 11) in base 6?
525
Convert -c3 (base 16) to base 12.
-143
Convert -4 (base 9) to base 6.
-4
What is 0 (base 2) in base 15?
0
What is 333 (base 6) in base 2?
10000001
Convert 7 (base 8) to base 7.
10
7 (base 11) to base 3
21
2 (base 12) to base 5
2
Convert 1051 (base 6) to base 4.
3313
21 (base 16) to base 11
30
Convert 2 (base 8) to base 13.
2
1 (base 2) to base 12
1
10 (base 2) to base 8
2
-13 (base 4) to base 9
-7
Convert -116 (base 10) to base 15.
-7b
What is 114 (base 7) in base 12?
50
What is -2 (base 13) in base 12?
-2
-6 (base 10) to base 13
-6
What is 201 (base 4) in base 12?
29
1011001 (base 2) to base 8
131
-13 (base 16) to base 7
-25
Convert 6 (base 8) to base 6.
10
Convert 20 (base 7) to base 5.
24
What is -115 (base 8) in base 9?
-85
6b (base 15) to base 14
73
What is -2 (base 12) in base 8?
-2
Convert -2 (base 11) to base 16.
-2
Convert -11 (base 10) to base 3.
-102
-305 (base 6) to base 8
-161
What is -1 (base 15) in base 7?
-1
-1 (base 6) to base 3
-1
25 (base 6) to base 14
13
Convert -257 (base 9) to base 3.
-21221
What is -11 (base 4) in base 9?
-5
Convert -11 (base 9) to base 5.
-20
Convert -10 (base 3) to base 5.
-3
Convert a (base 15) to base 6.
14
-10001 (base 2) to base 8
-21
-4a (base 11) to base 13
-42
Convert 111 (base 13) to base 5.
1213
-12 (base 13) to base 12
-13
2 (base 14) to base 3
2
Convert -4